f 1245 and 948441?
249
What is the highest common factor of 313274 and 208?
26
Calculate the highest common factor of 234 and 89622.
234
Calculate the greatest common factor of 19 and 476.
1
What is the greatest common divisor of 192 and 7842?
6
Calculate the highest common factor of 656452 and 4.
4
What is the highest common factor of 684 and 3584844?
684
Calculate the highest common factor of 15 and 14601585.
15
What is the greatest common divisor of 279261 and 135?
27
What is the greatest common divisor of 25 and 2245?
5
What is the highest common divisor of 116740 and 16613?
449
What is the highest common factor of 44 and 446160?
44
What is the highest common factor of 231 and 203489?
11
What is the highest common divisor of 575 and 63480?
115
Calculate the greatest common divisor of 1127 and 736.
23
Calculate the greatest common factor of 1600 and 65440.
160
Calculate the greatest common divisor of 8736 and 2148.
12
Calculate the greatest common divisor of 7 and 4487.
7
Calculate the greatest common factor of 3419 and 19682.
13
What is the greatest common divisor of 38110 and 370?
370
What is the highest common divisor of 3 and 104847?
3
Calculate the highest common divisor of 55404 and 72.
36
What is the greatest common divisor of 71 and 4513115?
71
Calculate the highest common divisor of 192063 and 219.
219
What is the greatest common divisor of 1504 and 26464?
32
What is the greatest common factor of 7471006 and 1181?
1181
What is the highest common factor of 1027 and 57907?
79
Calculate the highest common divisor of 124314 and 12.
6
Calculate the highest common factor of 270 and 435.
15
Calculate the highest common factor of 218320 and 80.
80
What is the greatest common divisor of 188046 and 558?
558
Calculate the greatest common factor of 63365 and 435.
145
Calculate the greatest common factor of 848 and 46216.
424
What is the greatest common divisor of 3 and 20541?
3
Calculate the greatest common divisor of 546 and 858.
78
Calculate the greatest common divisor of 28662 and 9.
3
Calculate the highest common factor of 904 and 28.
4
What is the greatest common factor of 37330 and 330?
10
Calculate the greatest common divisor of 1490 and 2030.
10
Calculate the highest common divisor of 18738 and 42.
6
What is the highest common factor of 36 and 708336?
36
Calculate the highest common divisor of 429 and 52091.
13
Calculate the greatest common factor of 59715 and 405.
45
Calculate the highest common factor of 268704 and 48.
48
What is the greatest common factor of 57765 and 285?
15
Calculate the highest common divisor of 1216 and 32984.
152
Calculate the greatest common divisor of 1240 and 1430.
10
Calculate the highest common factor of 1916 and 52.
4
What is the greatest common divisor of 40 and 42305?
5
What is the greatest common factor of 4890 and 1170?
30
Calculate the greatest common divisor of 52 and 597012.
52
Calculate the highest common divisor of 74329 and 1673.
239
What is the highest common factor of 1488 and 17608?
248
What is the highest common divisor of 100 and 8575?
25
What is the greatest common divisor of 1089508 and 1002?
334
What is the greatest common factor of 2520 and 21880?
40
Calculate the greatest common factor of 1733904 and 432.
144
What is the greatest common divisor of 27319 and 187?
17
What is the greatest common divisor of 11873 and 2201?
31
What is the highest common divisor of 72 and 469704?
24
What is the highest common factor of 64345 and 3400?
85
What is the greatest common factor of 448 and 502144?
64
What is the highest common factor of 9460 and 60?
20
What is the greatest common divisor of 54 and 47877?
3
Calculate the greatest common factor of 884324 and 224.
28
Calculate the highest common factor of 91 and 1037283.
13
What is the highest common divisor of 3 and 5267?
1
What is the greatest common factor of 2303 and 6811?
49
Calculate the highest common divisor of 2040 and 2295.
255
What is the highest common divisor of 301836 and 36?
12
What is the highest common factor of 3413022 and 102?
102
What is the greatest common divisor of 76 and 196444?
4
What is the highest common factor of 157783 and 664?
83
What is the highest common factor of 796 and 68?
4
What is the highest common factor of 157576 and 904?
8
What is the greatest common divisor of 3151764 and 4752?
1188
Calculate the greatest common divisor of 120708 and 48.
12
Calculate the highest common divisor of 190 and 125438.
38
What is the highest common factor of 69293 and 798?
133
Calculate the highest common divisor of 2 and 1014608.
2
What is the highest common factor of 723 and 1193191?
241
What is the greatest common divisor of 6968 and 66872?
104
What is the highest common factor of 116 and 281619?
29
Calculate the greatest common factor of 520 and 36608.
104
What is the highest common factor of 864030 and 10375?
415
What is the highest common factor of 332 and 2632?
4
What is the highest common divisor of 2646 and 14798?
98
What is the highest common factor of 385 and 7546?
77
What is the greatest common divisor of 465047 and 88?
11
Calculate the greatest common divisor of 100646 and 1568.
98
What is the highest common divisor of 4190 and 110?
10
What is the highest common divisor of 2059346 and 148?
74
Calculate the greatest common factor of 41748 and 8358.
42
What is the greatest common factor of 1086 and 324352?
362
What is the highest common factor of 45457 and 1388?
347
Calculate the greatest common divisor of 663 and 24921.
39
What is the highest common divisor of 118 and 536900?
118
Calculate the greatest common factor of 126 and 854.
14
What is the greatest common factor of 119 and 169218?
119
Calculate the highest common factor of 497 and 2807.
7
What is the greatest common divisor of 2926 and 17290?
266
Calculate the greatest common divisor of 1710 and 34542.
342
Calculate the highest common factor of 124 and 578832.
124
Calculate the highest common divisor of 172770 and 650.
130
What is the highest common divisor of 104609 and 12264?
73
What is the highest common divisor of 24 and 423426?
6
Calculate the highest common factor of 174 and 217442.
58
What is the greatest common divisor of 157665 and 828?
69
What is the greatest common divisor of 187498 and 482?
482
What is the greatest common divisor of 2808 and 8856?
216
What is the greatest common factor of 10542 and 672?
42
Calculate the highest common divisor of 90 and 485020.
10
What is the highest common factor of 1599 and 2624?
41
What is the greatest common divisor of 1398 and 51260?
466
What is the greatest common factor of 47446 and 14?
14
What is the greatest common factor of 711 and 81333?
9
Calculate the greatest common factor of 37 and 18749898.
37
Calculate the greatest common factor of 130 and 18044.
26
What is the highest common factor of 126070 and 63?
7
What is the greatest common divisor of 1722 and 4158?
42
Calculate the greatest common factor of 596 and 141103.
149
Calculate the highest common divisor of 9130 and 264.
22
What is the greatest common divisor of 123 and 3813?
123
Calculate the greatest common divisor of 201 and 45225.
201
What is the highest common divisor of 2871 and 343737?
261
What is the greatest common divisor of 200 and 13750?
50
Calculate the greatest common factor of 88690 and 10.
10
Calculate the greatest common divisor of 8733 and 49692.
123
What is the highest common factor of 1204533 and 429?
33
What is the highest common factor of 303811 and 136613?
2039
Calculate the highest common divisor of 221 and 3471.
13
What is the greatest common factor of 240 and 122100?
60
What is the greatest common factor of 3344840 and 120?
40
What is the highest common divisor of 445 and 984785?
445
Calculate the highest common divisor of 135 and 71334.
27
Calculate the greatest common factor of 517 and 638448.
47
What is the greatest common factor of 91 and 20179614?
91
What is the highest common factor of 22776 and 80808?
312
What is the greatest common factor of 144603 and 9?
9
Calculate the greatest common divisor of 8354 and 8.
2
Calculate the greatest common factor of 989 and 141289.
23
Calculate the highest common divisor of 99196 and 4.
4
What is the greatest common factor of 5745 and 3?
3
Calculate the greatest common factor of 46 